{"id":76,"date":"2023-09-24T10:21:14","date_gmt":"2023-09-24T10:21:14","guid":{"rendered":"https:\/\/multiservice-kropf.ch\/?page_id=76"},"modified":"2025-07-31T08:05:55","modified_gmt":"2025-07-31T07:05:55","slug":"garten-und-landschaftsbau","status":"publish","type":"page","link":"https:\/\/multiservice-kropf.ch\/index.php\/garten-und-landschaftsbau\/","title":{"rendered":"Garten- und Landschaftsbau"},"content":{"rendered":"\n<p>Wir bieten an:<br>\u2022 Schneiden von Hecken und Str\u00e4uchern<br>\u2022 Schneiden von B\u00e4umen<br>\u2022 Rasenpflege<br>\u2022 Rabattenpflege<br>\u2022 Gartengestaltung<\/p>\n\n\n\n<p>Wollen Sie ihren Garten neu gestalten?                                                       Wir sind f\u00fcr euch da und bringen Sie ihrem Traumgarten n\u00e4her.<\/p>\n\n\n\n<p>Gerne \u00fcbernehmen wir auch die Pflege und den Unterhalt eures Grundst\u00fcckes, damit Ihr euch nur noch zur\u00fccklehnen und geniessen k\u00f6nnt.<\/p>\n\n\n\n<figure class=\"wp-block-image size-large\"><a href=\"https:\/\/natursteine-kandertal.ch\/outdoor\/\"><img loading=\"lazy\" decoding=\"async\" width=\"1024\" height=\"482\" src=\"https:\/\/multiservice-kropf.ch\/wp-content\/uploads\/2025\/07\/logo-web-1024x482.png\" alt=\"\" class=\"wp-image-310\" srcset=\"https:\/\/multiservice-kropf.ch\/wp-content\/uploads\/2025\/07\/logo-web-1024x482.png 1024w, https:\/\/multiservice-kropf.ch\/wp-content\/uploads\/2025\/07\/logo-web-300x141.png 300w, https:\/\/multiservice-kropf.ch\/wp-content\/uploads\/2025\/07\/logo-web-768x361.png 768w, https:\/\/multiservice-kropf.ch\/wp-content\/uploads\/2025\/07\/logo-web.png 1279w\" sizes=\"auto, (max-width: 1024px) 100vw, 1024px\" \/><\/a><\/figure>\n\n\n\n<p>Wenn die Tr\u00e4ume in Stein gemmeisselt sind, halten sie f\u00fcr die Ewigkeit.                                                                                            Das wusste bereits die alten Pharaonen.                                           Mit unserem lokalen H\u00e4ndler des Vertrauens, k\u00f6nnen wir ihnen ein weiteres Element f\u00fcr ihren Traumgarten anbieten.<\/p>\n\n\n\n<figure class=\"wp-block-image size-large is-resized\"><img loading=\"lazy\" decoding=\"async\" width=\"576\" height=\"1024\" src=\"https:\/\/multiservice-kropf.ch\/wp-content\/uploads\/2023\/10\/IMG-20230929-WA0002-576x1024.jpg\" alt=\"\" class=\"wp-image-120\" style=\"width:568px;height:1009px\" srcset=\"https:\/\/multiservice-kropf.ch\/wp-content\/uploads\/2023\/10\/IMG-20230929-WA0002-576x1024.jpg 576w, https:\/\/multiservice-kropf.ch\/wp-content\/uploads\/2023\/10\/IMG-20230929-WA0002-169x300.jpg 169w, https:\/\/multiservice-kropf.ch\/wp-content\/uploads\/2023\/10\/IMG-20230929-WA0002-768x1365.jpg 768w, https:\/\/multiservice-kropf.ch\/wp-content\/uploads\/2023\/10\/IMG-20230929-WA0002-864x1536.jpg 864w, https:\/\/multiservice-kropf.ch\/wp-content\/uploads\/2023\/10\/IMG-20230929-WA0002.jpg 1152w\" sizes=\"auto, (max-width: 576px) 100vw, 576px\" \/><figcaption class=\"wp-element-caption\">Ob Laubbl\u00e4ser oder Heckenschere, wir setzen auf Akkutechnik<\/figcaption><\/figure>\n\n\n\n<figure class=\"wp-block-image size-large\"><img loading=\"lazy\" decoding=\"async\" width=\"1024\" height=\"576\" src=\"https:\/\/multiservice-kropf.ch\/wp-content\/uploads\/2023\/10\/IMG_20230930_160138-1024x576.jpg\" alt=\"\" class=\"wp-image-121\" srcset=\"https:\/\/multiservice-kropf.ch\/wp-content\/uploads\/2023\/10\/IMG_20230930_160138-1024x576.jpg 1024w, https:\/\/multiservice-kropf.ch\/wp-content\/uploads\/2023\/10\/IMG_20230930_160138-300x169.jpg 300w, https:\/\/multiservice-kropf.ch\/wp-content\/uploads\/2023\/10\/IMG_20230930_160138-768x432.jpg 768w, https:\/\/multiservice-kropf.ch\/wp-content\/uploads\/2023\/10\/IMG_20230930_160138-1536x864.jpg 1536w, https:\/\/multiservice-kropf.ch\/wp-content\/uploads\/2023\/10\/IMG_20230930_160138-2048x1152.jpg 2048w, https:\/\/multiservice-kropf.ch\/wp-content\/uploads\/2023\/10\/IMG_20230930_160138-1568x882.jpg 1568w\" sizes=\"auto, (max-width: 1024px) 100vw, 1024px\" \/><figcaption class=\"wp-element-caption\">F\u00fcr Neubepflanzung oder Rabattenpflege, sind wir gerne f\u00fcr Sie da.<\/figcaption><\/figure>\n\n\n\n<figure class=\"wp-block-image size-large\"><img loading=\"lazy\" decoding=\"async\" width=\"1024\" height=\"576\" src=\"https:\/\/multiservice-kropf.ch\/wp-content\/uploads\/2024\/05\/IMG_20240517_152931-1024x576.jpg\" alt=\"\" class=\"wp-image-266\" srcset=\"https:\/\/multiservice-kropf.ch\/wp-content\/uploads\/2024\/05\/IMG_20240517_152931-1024x576.jpg 1024w, https:\/\/multiservice-kropf.ch\/wp-content\/uploads\/2024\/05\/IMG_20240517_152931-300x169.jpg 300w, https:\/\/multiservice-kropf.ch\/wp-content\/uploads\/2024\/05\/IMG_20240517_152931-768x432.jpg 768w, https:\/\/multiservice-kropf.ch\/wp-content\/uploads\/2024\/05\/IMG_20240517_152931-1536x864.jpg 1536w, https:\/\/multiservice-kropf.ch\/wp-content\/uploads\/2024\/05\/IMG_20240517_152931-2048x1152.jpg 2048w, https:\/\/multiservice-kropf.ch\/wp-content\/uploads\/2024\/05\/IMG_20240517_152931-1568x882.jpg 1568w\" sizes=\"auto, (max-width: 1024px) 100vw, 1024px\" \/><\/figure>\n\n\n\n<figure class=\"wp-block-image size-large\"><img loading=\"lazy\" decoding=\"async\" width=\"576\" height=\"1024\" src=\"https:\/\/multiservice-kropf.ch\/wp-content\/uploads\/2024\/05\/IMG_20240408_192412-576x1024.jpg\" alt=\"\" class=\"wp-image-263\" srcset=\"https:\/\/multiservice-kropf.ch\/wp-content\/uploads\/2024\/05\/IMG_20240408_192412-576x1024.jpg 576w, https:\/\/multiservice-kropf.ch\/wp-content\/uploads\/2024\/05\/IMG_20240408_192412-169x300.jpg 169w, https:\/\/multiservice-kropf.ch\/wp-content\/uploads\/2024\/05\/IMG_20240408_192412-768x1365.jpg 768w, https:\/\/multiservice-kropf.ch\/wp-content\/uploads\/2024\/05\/IMG_20240408_192412-864x1536.jpg 864w, https:\/\/multiservice-kropf.ch\/wp-content\/uploads\/2024\/05\/IMG_20240408_192412-1152x2048.jpg 1152w, https:\/\/multiservice-kropf.ch\/wp-content\/uploads\/2024\/05\/IMG_20240408_192412-1568x2788.jpg 1568w, https:\/\/multiservice-kropf.ch\/wp-content\/uploads\/2024\/05\/IMG_20240408_192412-scaled.jpg 1440w\" sizes=\"auto, (max-width: 576px) 100vw, 576px\" \/><\/figure>\n\n\n\n<figure class=\"wp-block-image size-large\"><img loading=\"lazy\" decoding=\"async\" width=\"576\" height=\"1024\" src=\"https:\/\/multiservice-kropf.ch\/wp-content\/uploads\/2024\/05\/IMG_20240408_192607-576x1024.jpg\" alt=\"\" class=\"wp-image-264\" srcset=\"https:\/\/multiservice-kropf.ch\/wp-content\/uploads\/2024\/05\/IMG_20240408_192607-576x1024.jpg 576w, https:\/\/multiservice-kropf.ch\/wp-content\/uploads\/2024\/05\/IMG_20240408_192607-169x300.jpg 169w, https:\/\/multiservice-kropf.ch\/wp-content\/uploads\/2024\/05\/IMG_20240408_192607-768x1365.jpg 768w, https:\/\/multiservice-kropf.ch\/wp-content\/uploads\/2024\/05\/IMG_20240408_192607-864x1536.jpg 864w, https:\/\/multiservice-kropf.ch\/wp-content\/uploads\/2024\/05\/IMG_20240408_192607-1152x2048.jpg 1152w, https:\/\/multiservice-kropf.ch\/wp-content\/uploads\/2024\/05\/IMG_20240408_192607-1568x2788.jpg 1568w, https:\/\/multiservice-kropf.ch\/wp-content\/uploads\/2024\/05\/IMG_20240408_192607-scaled.jpg 1440w\" sizes=\"auto, (max-width: 576px) 100vw, 576px\" \/><\/figure>\n\n\n\n<figure class=\"wp-block-image size-large\"><img loading=\"lazy\" decoding=\"async\" width=\"576\" height=\"1024\" src=\"https:\/\/multiservice-kropf.ch\/wp-content\/uploads\/2024\/05\/IMG_20240517_152950-576x1024.jpg\" alt=\"\" class=\"wp-image-269\" srcset=\"https:\/\/multiservice-kropf.ch\/wp-content\/uploads\/2024\/05\/IMG_20240517_152950-576x1024.jpg 576w, https:\/\/multiservice-kropf.ch\/wp-content\/uploads\/2024\/05\/IMG_20240517_152950-169x300.jpg 169w, https:\/\/multiservice-kropf.ch\/wp-content\/uploads\/2024\/05\/IMG_20240517_152950-768x1365.jpg 768w, https:\/\/multiservice-kropf.ch\/wp-content\/uploads\/2024\/05\/IMG_20240517_152950-864x1536.jpg 864w, https:\/\/multiservice-kropf.ch\/wp-content\/uploads\/2024\/05\/IMG_20240517_152950-1152x2048.jpg 1152w, https:\/\/multiservice-kropf.ch\/wp-content\/uploads\/2024\/05\/IMG_20240517_152950-1568x2788.jpg 1568w, https:\/\/multiservice-kropf.ch\/wp-content\/uploads\/2024\/05\/IMG_20240517_152950-scaled.jpg 1440w\" sizes=\"auto, (max-width: 576px) 100vw, 576px\" \/><\/figure>\n\n\n\n<figure class=\"wp-block-image size-large\"><img loading=\"lazy\" decoding=\"async\" width=\"769\" height=\"1024\" src=\"https:\/\/multiservice-kropf.ch\/wp-content\/uploads\/2024\/07\/PXL_20240702_092955355.MP_-769x1024.jpg\" alt=\"\" class=\"wp-image-293\" srcset=\"https:\/\/multiservice-kropf.ch\/wp-content\/uploads\/2024\/07\/PXL_20240702_092955355.MP_-769x1024.jpg 769w, https:\/\/multiservice-kropf.ch\/wp-content\/uploads\/2024\/07\/PXL_20240702_092955355.MP_-225x300.jpg 225w, https:\/\/multiservice-kropf.ch\/wp-content\/uploads\/2024\/07\/PXL_20240702_092955355.MP_-768x1023.jpg 768w, https:\/\/multiservice-kropf.ch\/wp-content\/uploads\/2024\/07\/PXL_20240702_092955355.MP_-1153x1536.jpg 1153w, https:\/\/multiservice-kropf.ch\/wp-content\/uploads\/2024\/07\/PXL_20240702_092955355.MP_-1538x2048.jpg 1538w, https:\/\/multiservice-kropf.ch\/wp-content\/uploads\/2024\/07\/PXL_20240702_092955355.MP_-1568x2088.jpg 1568w, https:\/\/multiservice-kropf.ch\/wp-content\/uploads\/2024\/07\/PXL_20240702_092955355.MP_-scaled.jpg 1922w\" sizes=\"auto, (max-width: 769px) 100vw, 769px\" \/><\/figure>\n","protected":false},"excerpt":{"rendered":"<p>Wir bieten an:\u2022 Schneiden von Hecken und Str\u00e4uchern\u2022 Schneiden von B\u00e4umen\u2022 Rasenpflege\u2022 Rabattenpflege\u2022 Gartengestaltung Wollen Sie ihren Garten neu gestalten? Wir sind f\u00fcr euch da und bringen Sie ihrem Traumgarten n\u00e4her. Gerne \u00fcbernehmen wir auch die Pflege und den Unterhalt eures Grundst\u00fcckes, damit Ihr euch nur noch zur\u00fccklehnen und geniessen k\u00f6nnt. Wenn die Tr\u00e4ume in&hellip; <a class=\"more-link\" href=\"https:\/\/multiservice-kropf.ch\/index.php\/garten-und-landschaftsbau\/\"><span class=\"screen-reader-text\">Garten- und Landschaftsbau<\/span> weiterlesen<\/a><\/p>\n","protected":false},"author":2,"featured_media":0,"parent":0,"menu_order":0,"comment_status":"closed","ping_status":"closed","template":"","meta":{"footnotes":""},"class_list":["post-76","page","type-page","status-publish","hentry","entry"],"_links":{"self":[{"href":"https:\/\/multiservice-kropf.ch\/index.php\/wp-json\/wp\/v2\/pages\/76","targetHints":{"allow":["GET"]}}],"collection":[{"href":"https:\/\/multiservice-kropf.ch\/index.php\/wp-json\/wp\/v2\/pages"}],"about":[{"href":"https:\/\/multiservice-kropf.ch\/index.php\/wp-json\/wp\/v2\/types\/page"}],"author":[{"embeddable":true,"href":"https:\/\/multiservice-kropf.ch\/index.php\/wp-json\/wp\/v2\/users\/2"}],"replies":[{"embeddable":true,"href":"https:\/\/multiservice-kropf.ch\/index.php\/wp-json\/wp\/v2\/comments?post=76"}],"version-history":[{"count":17,"href":"https:\/\/multiservice-kropf.ch\/index.php\/wp-json\/wp\/v2\/pages\/76\/revisions"}],"predecessor-version":[{"id":311,"href":"https:\/\/multiservice-kropf.ch\/index.php\/wp-json\/wp\/v2\/pages\/76\/revisions\/311"}],"wp:attachment":[{"href":"https:\/\/multiservice-kropf.ch\/index.php\/wp-json\/wp\/v2\/media?parent=76"}],"curies":[{"name":"wp","href":"https:\/\/api.w.org\/{rel}","templated":true}]}}